What is the hundreds digit of z?
1
Let h = 45087 - 35109. What is the thousands digit of h?
9
Let d = 1773 + 236. Let n = 2838 - d. What is the units digit of n?
9
Let r = 36291 + -19056. What is the hundreds digit of r?
2
Let i be 146/8 + 21/12 + -1. Let h be ((-2)/(-4))/((i/6)/19). Suppose -4*x - 2*b = -624 + 172, h*x = -4*b + 329. What is the units digit of x?
5
Let p(r) = 11*r**2 - 10*r + 527. What is the thousands digit of p(21)?
5
Let o = 2417 - -16147. What is the units digit of o?
4
Let w = 1315 - -4661. What is the hundreds digit of w?
9
Suppose 0 = -41*t + 43*t - 16. Suppose 0 = -3*v - m + 19, 0 = -5*v - 4*m + t + 26. What is the tens digit of (1854/(-54))/((-2)/v)?
0
Let j(o) = o + 8. Let k(w) = -w - 2. Let b be k(3). Let g be j(b). Suppose -g*x - t + 262 = 0, x = -5*t + 79 + 13. What is the units digit of x?
7
Let u = 3011 + -2938. What is the tens digit of u?
7
Let f(r) = -217*r - 64. Let x be f(-7). Let w = x + -847. What is the units digit of w?
8
Suppose o - 26766 = -641*q + 637*q, -2*q - 4*o + 13390 = 0. What is the tens digit of q?
9
Suppose 4*h = 2*n - 3238, 250*n = 245*n + 2*h + 8127. What is the units digit of n?
7
Suppose 4*d = -16*d + 16080. Let z(k) = k**2 + 2*k + 2. Let j be z(-2). What is the tens digit of 1/j + d/24?
3
Let a be ((-16)/(-5))/(-2)*-5. Suppose -a*u + 312 = -248. What is the units digit of u?
0
Suppose u = 5*g - 7938 - 9169, 3*u - 3415 = -g. What is the tens digit of g?
2
Let p = -17156 + 45167. What is the tens digit of p?
1
Suppose -4*p + 16588 + 2024 = 2*q, -5*q = 3*p - 13966. What is the units digit of p?
2
Let r be -1 + (25/10 - (-2)/(-4)). Let k be 6745/57 - r/3. Let q = 178 - k. What is the units digit of q?
0
Let k be (3 - (-3 + 1154)) + (-2)/1. Let s = -2420 - k. What is the tens digit of s/(-20) - (-2)/(-4)?
6
Let p(a) = 252*a**2 + 241*a + 479. What is the units digit of p(-2)?
5
Suppose -501 - 255 = -7*q. Suppose 0 = -4*u + 6*u - q. What is the units digit of (3 - 2) + 16*u/4?
7
Suppose 0 = -6*x + 56 - 38. Suppose w = -3*k + 1576, -w - x*k + 1581 = -k. What is the hundreds digit of w?
5
Let w(m) = 32*m**2 + 5*m + 33. What is the hundreds digit of w(15)?
3
Let q = 123 - 117. Suppose -3*t + q*t - 18 = 0. What is the hundreds digit of (-2745)/(-27) - 4/t?
1
Let t(u) = -2523*u + 4510. What is the hundreds digit of t(-4)?
6
Suppose 0 = -3*z, 5*j + 2*z + 12794 = 55404. What is the thousands digit of j?
8
What is the hundreds digit of 4632 - ((-49)/(-7) + 2)?
6
Suppose 0 = -25*t + 20944 + 13556. Suppose -4*o + 1388 + t = 2*f, 2087 = 3*o - 4*f. What is the units digit of o?
3
Suppose -4*t + 5*n + 172411 = 0, -4*t + 134481 = 4*n - 37939. What is the hundreds digit of t?
1
Let p be (2 - 49)*((-2)/2 + 0). Suppose -p - 3 = -5*q. Suppose 4*u + 10 = -q, 2*t = 5*u + 213. What is the tens digit of t?
9
Let h(s) = 331*s**3 - s**2 - 5*s + 5. Let o be h(1). What is the tens digit of (o*7 + 8)*(-1)/(-2)?
5
Suppose 61 + 71 = 2*q. Let n = q - -30. What is the units digit of n?
6
Let z(g) = 4*g**2 + 29*g + 6. Let u be z(-20). Suppose 14*v - u = 8*v. What is the units digit of v?
1
Let j(i) = -48*i + 38. Suppose 4*k + 2*g = 3 - 5, 0 = -3*k - 2*g + 1. What is the units digit of j(k)?
2
What is the tens digit of -12 + -1 - (71 + -5626)?
4
Suppose 30 = -23*g + 28*g. Suppose -386 = -14*m + g. Suppose -m = 9*p - 118. What is the units digit of p?
0
Let y(t) = -2*t + 2. Let f be y(0). Suppose w + 2*w + f*q = 24, -4*w + q + 43 = 0. Suppose w*l + 92 = 632. What is the tens digit of l?
5
Suppose h = -5*u - 708, 3621 = -2*h - 3*h + 2*u. Let z = -350 - h. What is the units digit of z?
3
Let g be ((-8)/1 - -4) + -355. Let l be 2 - (g/3 + 2/(-6)). Suppose l + 108 = 5*c. What is the tens digit of c?
4
What is the hundreds digit of ((9 - -64581)/(-10))/(9/(-6))?
3
Suppose -3*k + 38393 = p - 5008, k - 4*p = 14480. What is the ten thousands digit of k?
1
Let x = 8671 + -5952. Let t = x - 1453. What is the hundreds digit of t?
2
Suppose 0 = 10*v + 49*v - 1550579. What is the units digit of v?
1
Let f(w) = -w + 3. Let o(t) = 224*t + 72. Let b(q) = f(q) + o(q). What is the tens digit of b(5)?
9
Suppose -9*z + 9 = -54. Suppose -3*r + z = 1. Suppose 4*y = t - 37 - 119, 2*y - 362 = -r*t. What is the hundreds digit of t?
1
Let u(o) = -o**2 + 8*o - 9. Let d be u(6). Let l be 50 - (d - (-1 + 3/3)). Suppose -l - 4 = -k. What is the tens digit of k?
5
Let c = -60499 - -84715. What is the hundreds digit of c?
2
Let u = -1 + 190. Suppose -117 = -c - 4*h, h + u = 5*c - 312. Let q = c + -23. What is the tens digit of q?
7
Let l(m) = 59*m**2 - 21*m - 4. What is the units digit of l(10)?
6
Suppose -17*g - 17464 + 258040 = -3*g. What is the thousands digit of g?
7
Suppose 7*m = -20*m - 13905. Let g = -463 - m. What is the units digit of g?
2
Let y be 12/(-12)*(1 + -1 + -1). Suppose -3*l + 451 = y. What is the tens digit of l?
5
Suppose -31*g + 60507 = -220167. What is the hundreds digit of g?
0
Suppose 0*l + 3 = 3*l + h, -11 = -4*l + h. What is the hundreds digit of l + 3 - ((-774)/9 - 9)?
1
Suppose 4*t + 50 = m, -3*t - 30 = 4*m - m. Let x = 319 + -285. Let f = x + t. What is the units digit of f?
2
Let o = -21 + 55. Let z(n) = 9 - 14*n - o + n + n. What is the units digit of z(-8)?
1
Let s(r) = -16*r**2 - 11*r**3 + 12*r**3 + 10 + 8*r**2. Let p be s(9). Let y = -88 + p. What is the units digit of y?
3
Let q(y) = -327*y - 6757. What is the ten thousands digit of q(-86)?
2
Let w(u) = 108*u**2 - 15*u + 37. What is the tens digit of w(3)?
6
Let l = -48047 + 72836. What is the hundreds digit of l?
7
Let t be ((-12)/(-9))/(2/36) - 4. Suppose 11*i - 6*i + t = 0, -2*i = 3*b - 10. What is the units digit of b?
6
Let q be 6 - 0 - (27 + -159). Let h = 309 - q. What is the hundreds digit of h?
1
Suppose 5*z - z + 2*r - 62 = 0, -3*r = z - 23. Suppose 3*h - 3*k = 7*h - z, 0 = -4*h + 5*k + 30. What is the units digit of h?
5
Let o = -2 - -23. Suppose -v - o = -4*j + 2*v, -5*j + 12 = v. Suppose 3*n - m = 4*n - 201, -4*m - 624 = -j*n. What is the units digit of n?
4
Let c(j) = 50*j**2 + 31*j + 158. What is the hundreds digit of c(13)?
0
Suppose 0 = 4*n + 4*w + 1912, -3*n + w - 366 = 1076. What is the tens digit of (n/75)/((-4)/200)?
2
Let n(u) = 2*u**2 - 4*u + 2. Let q be n(2). Suppose 7*d + 4*r + 136 = 11*d, q*d - 80 = -4*r. What is the units digit of d?
6
Suppose -4*y = -2*m + 3060, 5*y - 5*m + 4527 = 712. Let k = 81 - y. What is the tens digit of k?
4
Let a(t) = -t**2 - 21*t - 13. Suppose s = 4*s - 2*y + 10, -4*s + 15 = 3*y. Suppose w - 5*p + 2*p + 5 = 0, s = -w - 2*p - 15. What is the tens digit of a(w)?
9
Suppose -11*a + 274*a - 97836 = 0. What is the tens digit of a?
7
Suppose -54*j = -7*j - 428358. What is the thousands digit of j?
9
Let o be ((-8)/(-28))/((-2)/(-14)). Suppose -114 = 5*r - 5*i - 289, r + o*i - 47 = 0. Let f = r - 3. What is the units digit of f?
6
Let y = 31388 - 18729. What is the hundreds digit of y?
6
Let b = 13807 + -8861. What is the tens digit of b?
4
What is the thousands digit of ((-1)/2)/(12/732)*-1108 + -7?
3
What is the units digit of 19556 + ((-9724)/17)/26?
4
Let k(c) = 13*c**2 + 56*c - 397. What is the units digit of k(6)?
7
Suppose 8 = 8*t + 32. What is the tens digit of t + 3143/6 + (-2)/(-12)?
2
Let h = -61 - -83. Suppose -h + 134 = -8*q. Let g = q - -23. What is the units digit of g?
9
Let k = -3607 + 7991. What is the tens digit of k?
8
Let l = 16466 - -1943. What is the thousands digit of l?
8
Let h = -38 + 273. Suppose v + 231 = 4*d, h = d + 3*d + 3*v. Let m = -43 + d. What is the units digit of m?
5
Let z = 28133 + -16086. What is the units digit of z?
7
Suppose -11*l = -20*l - 108. What is the hundreds digit of 136 - 0 - 72/l?
1
What is the units digit of (33/33)/((-156844)/52282 - -3)?
1
Suppose -250*p + 14140 = -245*p. What is the units digit of (2/(-1))/(-4 - (-11304)/p)?
7
Suppose 48*c - 1625728 = -80*c. What is the thousands digit of c?
2
Suppose -2*z - 160 = -10434. What is the units digit of z?
7
Let d = 78 + -75. Suppose 2*y = -d*f + 12, -72 = -5*y - 2*f + 5*f. Suppose -y*m + 280 = -8*m. What is the units digit of m?
0
Let t(k) be the third derivative of -35*k**4/24 - 5*k**3 + 8*k**2. Let d be t(-9). Suppose 5*l = 5*s - d, -4*l - 172 + 54 = -2*s. What is the units digit of s?
5
Suppose -12 = -11*p + 10*p + 2*